{"id":642,"date":"2018-11-27T15:06:20","date_gmt":"2018-11-27T14:06:20","guid":{"rendered":"http:\/\/www.arfat.il.pw.edu.pl\/?page_id=642"},"modified":"2018-12-18T15:14:36","modified_gmt":"2018-12-18T14:14:36","slug":"io4-aplikacja-arfat","status":"publish","type":"page","link":"https:\/\/www.arfat.il.pw.edu.pl\/index.php\/pl\/io4-aplikacja-arfat\/","title":{"rendered":"IO4: Aplikacja ARFAT"},"content":{"rendered":"<p>Aplikacje mobilne s\u0105 dost\u0119pne zar\u00f3wno dla systemu iOS, jak i android. Mo\u017cna je pobra\u0107 za pomoc\u0105 podanych poni\u017cej link\u00f3w lub kod\u00f3w QR.<\/p>\n<table>\n<tbody>\n<tr>\n<td width=\"226\"><strong>wersja iOS<\/strong><\/p>\n<p><code>\n<style id=\"kama-click-counter-shortcode\">.kcc_block{ position:relative; padding:1em 0 2em; transition:background-color 0.4s; cursor:pointer; }\r\n.kcc_block img{ float:left; width:2.1em; height:auto; margin:0; border:0px !important; box-shadow:none !important; }\r\n.kcc_block .kcc_info_wrap{ padding-left:1em; margin-left:2.1em; }\r\n.kcc_block a{ border-bottom:0; }\r\n.kcc_block a.kcc_link{ text-decoration:none; display:block; font-size:150%; line-height:1.2; }\r\n.kcc_block .kcc_desc{ color:#666; }\r\n.kcc_block .kcc_info{ font-size:80%; color:#aaa; }\r\n.kcc_block:hover a{ text-decoration:none !important; }\r\n.kcc_block .kcc-edit-link{ position:absolute; top:0; right:.2em; }\r\n.kcc_block:after{ content:&quot;&quot;; display:table; clear:both; }<\/style>\n<div class=\"kcc_block\" title=\"Link\">\r\n\r\n\r\n\t<div class=\"kcc_info_wrap\">\r\n\t\t<a class=\"kcc_link\" href=\"https:\/\/www.arfat.il.pw.edu.pl?download=1&#038;kccpid=642&#038;kcccount=http:\/\/bit.ly\/ARFAT_IOS\" title=\"bit.ly\/ARFAT_IOS\">Link<\/a>\r\n\t\t<div class=\"kcc_desc\"><\/div>\r\n\t\t<div class=\"kcc_info\">Counter: 372<\/div>\r\n\t<\/div>\r\n\t\r\n<\/div><\/code><\/td>\n<td width=\"241\"><strong>wersja Android<\/strong><\/p>\n<p><code><div class=\"kcc_block\" title=\"Link\">\r\n\r\n\r\n\t<div class=\"kcc_info_wrap\">\r\n\t\t<a class=\"kcc_link\" href=\"https:\/\/www.arfat.il.pw.edu.pl?download=1&#038;kccpid=642&#038;kcccount=http:\/\/bit.ly\/ARFAT_ANDROID\" title=\"bit.ly\/ARFAT_ANDROID\">Link<\/a>\r\n\t\t<div class=\"kcc_desc\"><\/div>\r\n\t\t<div class=\"kcc_info\">Counter: 417<\/div>\r\n\t<\/div>\r\n\t\r\n<\/div><\/code><\/td>\n<\/tr>\n<tr>\n<td width=\"226\"><img loading=\"lazy\" decoding=\"async\" class=\"alignnone size-full wp-image-688\" src=\"http:\/\/www.arfat.il.pw.edu.pl\/wp-content\/uploads\/2018\/11\/iOS-QR-ARFAT.png\" alt=\"\" width=\"300\" height=\"300\" srcset=\"https:\/\/www.arfat.il.pw.edu.pl\/wp-content\/uploads\/2018\/11\/iOS-QR-ARFAT.png 300w, https:\/\/www.arfat.il.pw.edu.pl\/wp-content\/uploads\/2018\/11\/iOS-QR-ARFAT-150x150.png 150w\" sizes=\"auto, (max-width: 300px) 100vw, 300px\" \/><\/td>\n<td width=\"241\"><img loading=\"lazy\" decoding=\"async\" class=\"alignnone size-full wp-image-689\" src=\"http:\/\/www.arfat.il.pw.edu.pl\/wp-content\/uploads\/2018\/11\/Android-QR-ARFAT.png\" alt=\"\" width=\"300\" height=\"300\" srcset=\"https:\/\/www.arfat.il.pw.edu.pl\/wp-content\/uploads\/2018\/11\/Android-QR-ARFAT.png 300w, https:\/\/www.arfat.il.pw.edu.pl\/wp-content\/uploads\/2018\/11\/Android-QR-ARFAT-150x150.png 150w\" sizes=\"auto, (max-width: 300px) 100vw, 300px\" \/><\/td>\n<\/tr>\n<\/tbody>\n<\/table>\n<p>&nbsp;<\/p>\n<p>Wersje do instalacji r\u0119cznej (w przypadku awarii Apple Store lub Google Play):<\/p>\n<p>Wersja do instalacji r\u0119cznej dla systemu Android:<\/p>\n<p><code><div class=\"kcc_block\" title=\"Link\">\r\n\r\n\r\n\t<div class=\"kcc_info_wrap\">\r\n\t\t<a class=\"kcc_link\" href=\"https:\/\/www.arfat.il.pw.edu.pl?download=1&#038;kccpid=642&#038;kcccount=https:\/\/chmura.il.pw.edu.pl\/index.php\/s\/hajf2aXD1hKk5BV\" title=\"chmura.il.pw.edu.pl\/index.php\/s\/hajf2aXD1hKk5BV\">Link<\/a>\r\n\t\t<div class=\"kcc_desc\"><\/div>\r\n\t\t<div class=\"kcc_info\">Counter: 417<\/div>\r\n\t<\/div>\r\n\t\r\n<\/div><\/code><\/p>\n<p>Wersja do instalacji r\u0119cznej dla systemu iOS:<\/p>\n<p><code><div class=\"kcc_block\" title=\"Link\">\r\n\r\n\r\n\t<div class=\"kcc_info_wrap\">\r\n\t\t<a class=\"kcc_link\" href=\"https:\/\/www.arfat.il.pw.edu.pl?download=1&#038;kccpid=642&#038;kcccount=https:\/\/chmura.il.pw.edu.pl\/index.php\/s\/OLKmQX7qO1cEfPd\" title=\"chmura.il.pw.edu.pl\/index.php\/s\/OLKmQX7qO1cEfPd\">Link<\/a>\r\n\t\t<div class=\"kcc_desc\"><\/div>\r\n\t\t<div class=\"kcc_info\">Counter: 294<\/div>\r\n\t<\/div>\r\n\t\r\n<\/div><\/code><\/p>\n<p><code><\/code><\/p>\n","protected":false},"excerpt":{"rendered":"<p>Aplikacje mobilne s\u0105 dost\u0119pne zar\u00f3wno dla systemu iOS, jak i android. Mo\u017cna je pobra\u0107 za pomoc\u0105 podanych poni\u017cej link\u00f3w lub kod\u00f3w QR. wersja iOS wersja Android &nbsp; Wersje do instalacji r\u0119cznej (w przypadku awarii Apple Store lub Google Play): Wersja do instalacji r\u0119cznej dla systemu Android: Wersja do instalacji r\u0119cznej dla systemu iOS:<\/p>\n","protected":false},"author":1,"featured_media":0,"parent":0,"menu_order":0,"comment_status":"closed","ping_status":"closed","template":"","meta":{"ngg_post_thumbnail":0,"footnotes":""},"class_list":["post-642","page","type-page","status-publish","hentry"],"_links":{"self":[{"href":"https:\/\/www.arfat.il.pw.edu.pl\/index.php\/wp-json\/wp\/v2\/pages\/642","targetHints":{"allow":["GET"]}}],"collection":[{"href":"https:\/\/www.arfat.il.pw.edu.pl\/index.php\/wp-json\/wp\/v2\/pages"}],"about":[{"href":"https:\/\/www.arfat.il.pw.edu.pl\/index.php\/wp-json\/wp\/v2\/types\/page"}],"author":[{"embeddable":true,"href":"https:\/\/www.arfat.il.pw.edu.pl\/index.php\/wp-json\/wp\/v2\/users\/1"}],"replies":[{"embeddable":true,"href":"https:\/\/www.arfat.il.pw.edu.pl\/index.php\/wp-json\/wp\/v2\/comments?post=642"}],"version-history":[{"count":11,"href":"https:\/\/www.arfat.il.pw.edu.pl\/index.php\/wp-json\/wp\/v2\/pages\/642\/revisions"}],"predecessor-version":[{"id":1112,"href":"https:\/\/www.arfat.il.pw.edu.pl\/index.php\/wp-json\/wp\/v2\/pages\/642\/revisions\/1112"}],"wp:attachment":[{"href":"https:\/\/www.arfat.il.pw.edu.pl\/index.php\/wp-json\/wp\/v2\/media?parent=642"}],"curies":[{"name":"wp","href":"https:\/\/api.w.org\/{rel}","templated":true}]}}